{"id":41,"date":"2011-08-10T07:41:47","date_gmt":"2011-08-10T07:41:47","guid":{"rendered":"http:\/\/www.sanglas-ig.de\/?page_id=41"},"modified":"2026-02-24T09:12:31","modified_gmt":"2026-02-24T08:12:31","slug":"sonstiges","status":"publish","type":"page","link":"https:\/\/sanglas-ig.de\/?page_id=41","title":{"rendered":"Verkaufsanzeigen etc."},"content":{"rendered":"\n<p><\/p>\n\n\n\n<p><span style=\"background-color:rgba(0, 0, 0, 0);color:#a30000\" class=\"has-inline-color\"><strong>Fahrbereite Sanglas 500S2V5&nbsp; mit Squire ST2 Seitenwagen zu verkaufen.               24. Februar 2026&nbsp;&nbsp;&nbsp;&nbsp;&nbsp;&nbsp;&nbsp;&nbsp;                                                                     <\/strong><\/span><\/p>\n\n\n\n<p>Das Fahrzeug steht in L\u00fcneburg, der T\u00dcV ist 09\/24 abgelaufen, das<br>Fahrzeug ist seit 09\/ 22 nicht bewegt worden. Der Preis ist VB 3700,&#8211;.<\/p>\n\n\n\n<div class=\"wp-block-group\"><div class=\"wp-block-group__inner-container is-layout-constrained wp-block-group-is-layout-constrained\">\n<div class=\"wp-block-columns is-layout-flex wp-container-core-columns-is-layout-9d6595d7 wp-block-columns-is-layout-flex\">\n<div class=\"wp-block-column is-layout-flow wp-block-column-is-layout-flow\" style=\"flex-basis:100%\">\n<div class=\"wp-block-columns is-layout-flex wp-container-core-columns-is-layout-9d6595d7 wp-block-columns-is-layout-flex\">\n<div class=\"wp-block-column is-layout-flow wp-block-column-is-layout-flow\" style=\"flex-basis:100%\">\n<div class=\"wp-block-columns is-layout-flex wp-container-core-columns-is-layout-9d6595d7 wp-block-columns-is-layout-flex\">\n<div class=\"wp-block-column is-layout-flow wp-block-column-is-layout-flow\" style=\"flex-basis:50%\">\n<figure class=\"wp-block-image size-full is-resized\"><img loading=\"lazy\" decoding=\"async\" width=\"386\" height=\"331\" src=\"https:\/\/sanglas-ig.de\/wp-content\/uploads\/2026\/02\/IMG_543202.jpg\" alt=\"\" class=\"wp-image-3328\" style=\"width:423px;height:auto\" srcset=\"https:\/\/sanglas-ig.de\/wp-content\/uploads\/2026\/02\/IMG_543202.jpg 386w, https:\/\/sanglas-ig.de\/wp-content\/uploads\/2026\/02\/IMG_543202-300x257.jpg 300w\" sizes=\"auto, (max-width: 386px) 100vw, 386px\" \/><\/figure>\n<\/div>\n\n\n\n<div class=\"wp-block-column is-layout-flow wp-block-column-is-layout-flow\" style=\"flex-basis:50%\">\n<figure class=\"wp-block-image size-full is-resized\"><img loading=\"lazy\" decoding=\"async\" width=\"441\" height=\"406\" src=\"https:\/\/sanglas-ig.de\/wp-content\/uploads\/2026\/02\/IMG_543402-1.jpg\" alt=\"\" class=\"wp-image-3330\" style=\"width:393px;height:auto\" srcset=\"https:\/\/sanglas-ig.de\/wp-content\/uploads\/2026\/02\/IMG_543402-1.jpg 441w, https:\/\/sanglas-ig.de\/wp-content\/uploads\/2026\/02\/IMG_543402-1-300x276.jpg 300w\" sizes=\"auto, (max-width: 441px) 100vw, 441px\" \/><\/figure>\n<\/div>\n<\/div>\n\n\n\n<div class=\"wp-block-columns is-layout-flex wp-container-core-columns-is-layout-9d6595d7 wp-block-columns-is-layout-flex\">\n<div class=\"wp-block-column is-layout-flow wp-block-column-is-layout-flow\" style=\"flex-basis:50%\">\n<figure class=\"wp-block-gallery has-nested-images columns-default is-cropped wp-block-gallery-1 is-layout-flex wp-block-gallery-is-layout-flex\">\n<figure class=\"wp-block-image size-full\"><img loading=\"lazy\" decoding=\"async\" width=\"480\" height=\"355\" data-id=\"3331\" src=\"https:\/\/sanglas-ig.de\/wp-content\/uploads\/2026\/02\/IMG_543302.jpg\" alt=\"\" class=\"wp-image-3331\" srcset=\"https:\/\/sanglas-ig.de\/wp-content\/uploads\/2026\/02\/IMG_543302.jpg 480w, https:\/\/sanglas-ig.de\/wp-content\/uploads\/2026\/02\/IMG_543302-300x222.jpg 300w\" sizes=\"auto, (max-width: 480px) 100vw, 480px\" \/><\/figure>\n<\/figure>\n<\/div>\n\n\n\n<div class=\"wp-block-column is-layout-flow wp-block-column-is-layout-flow\" style=\"flex-basis:50%\">\n<figure class=\"wp-block-image size-full is-resized\"><img loading=\"lazy\" decoding=\"async\" width=\"463\" height=\"358\" src=\"https:\/\/sanglas-ig.de\/wp-content\/uploads\/2026\/02\/IMG_543502.jpg\" alt=\"\" class=\"wp-image-3332\" style=\"width:397px;height:auto\" srcset=\"https:\/\/sanglas-ig.de\/wp-content\/uploads\/2026\/02\/IMG_543502.jpg 463w, https:\/\/sanglas-ig.de\/wp-content\/uploads\/2026\/02\/IMG_543502-300x232.jpg 300w\" sizes=\"auto, (max-width: 463px) 100vw, 463px\" \/><\/figure>\n<\/div>\n<\/div>\n\n\n\n<div class=\"wp-block-group\"><div class=\"wp-block-group__inner-container is-layout-constrained wp-block-group-is-layout-constrained\">\n<div class=\"wp-block-columns is-layout-flex wp-container-core-columns-is-layout-9d6595d7 wp-block-columns-is-layout-flex\">\n<div class=\"wp-block-column is-layout-flow wp-block-column-is-layout-flow\" style=\"flex-basis:50%\">\n<div class=\"wp-block-columns is-layout-flex wp-container-core-columns-is-layout-9d6595d7 wp-block-columns-is-layout-flex\">\n<div class=\"wp-block-column is-layout-flow wp-block-column-is-layout-flow\" style=\"flex-basis:100%\">\n<figure class=\"wp-block-image size-full\"><img loading=\"lazy\" decoding=\"async\" width=\"453\" height=\"353\" src=\"https:\/\/sanglas-ig.de\/wp-content\/uploads\/2026\/02\/IMG_5442.jpg\" alt=\"\" class=\"wp-image-3335\" srcset=\"https:\/\/sanglas-ig.de\/wp-content\/uploads\/2026\/02\/IMG_5442.jpg 453w, https:\/\/sanglas-ig.de\/wp-content\/uploads\/2026\/02\/IMG_5442-300x234.jpg 300w\" sizes=\"auto, (max-width: 453px) 100vw, 453px\" \/><\/figure>\n<\/div>\n<\/div>\n<\/div>\n<\/div>\n<\/div><\/div>\n<\/div>\n<\/div>\n<\/div>\n<\/div>\n<\/div><\/div>\n\n\n\n<div class=\"wp-block-columns is-layout-flex wp-container-core-columns-is-layout-9d6595d7 wp-block-columns-is-layout-flex\">\n<div class=\"wp-block-column is-vertically-aligned-center is-layout-flow wp-block-column-is-layout-flow\" style=\"flex-basis:100%\">\n<p>Sven Mertens<br>Reincke Naturfarben GmbH<br>Industriestra\u00dfe 3<br>D-21640 Horneburg<br><br>Mobil +49(0)160-5530995<br>Fon +49(0)4163-867470<br>Fax +49(0)4163-8674729<br>Mail sven.mertens@<a href=\"http:\/\/reincke-naturfarben.de\">reincke-naturfarben.de<\/a><\/p>\n<\/div>\n<\/div>\n\n\n\n<p>&#8212;&#8212;&#8212;&#8212;&#8212;&#8212;&#8212;&#8212;&#8212;&#8212;&#8212;&#8212;&#8212;&#8212;&#8212;&#8212;&#8212;&#8212;&#8212;&#8212;&#8212;&#8212;&#8212;&#8212;&#8212;&#8212;&#8212;&#8212;&#8212;&#8212;&#8212;&#8212;&#8212;&#8212;&#8212;&#8212;&#8212;&#8212;-<\/p>\n\n\n\n<div class=\"wp-block-columns is-layout-flex wp-container-core-columns-is-layout-9d6595d7 wp-block-columns-is-layout-flex\">\n<div class=\"wp-block-column is-layout-flow wp-block-column-is-layout-flow\" style=\"flex-basis:100%\">\n<div class=\"wp-block-columns is-layout-flex wp-container-core-columns-is-layout-9d6595d7 wp-block-columns-is-layout-flex\"><\/div>\n<\/div>\n<\/div>\n\n\n\n<p>Sanglas Ersatzteile abzugeben                                 06.03.2024<\/p>\n\n\n\n<p>M.F. aus Heidenheim m\u00f6chte seine \u00fcberz\u00e4hligen Sanglas 500S Ersatzteile billig abgeben. Dazu geh\u00f6ren auch zwei 500S Rahmen von 1977 mit Brief. Bei Interesse email an: IRIMAR@web.de oder 0177 8848633   &#8212;&#8212;&#8212;&#8212;&#8212;&#8212;&#8212;&#8212;&#8212;&#8212;&#8212;&#8212;&#8212;&#8212;&#8212;&#8212;&#8212;&#8212;&#8212;&#8212;&#8212;&#8212;&#8212;&#8212;&#8212;&#8212;&#8212;&#8212;&#8212;&#8212;&#8212;&#8212;&#8212;&#8212;&#8212;&#8212;&#8212;-<\/p>\n\n\n\n<p><\/p>\n\n\n\n<p><\/p>\n\n\n\n<p class=\"has-medium-font-size\"><span style=\"background-color:rgba(0, 0, 0, 0);color:#a30000\" class=\"has-inline-color\"><strong>Fahrbereite Sanglas 500S2V5&nbsp; sowie zwei komplette, aber zerlegte Sanglas zu verkaufen.&nbsp;&nbsp;&nbsp;&nbsp;&nbsp;&nbsp;&nbsp;&nbsp;                                                                         &nbsp;&nbsp;&nbsp;&nbsp;&nbsp;&nbsp;&nbsp;&nbsp;&nbsp;&nbsp; 16.Juli 2022<\/strong><\/span> <\/p>\n\n\n\n<p>Peter aus der Sanglas IG m\u00f6chte seine komplett \u00fcberholte und lackierte Sanglas 500S2V5 verkaufen.<\/p>\n\n\n\n<figure class=\"wp-block-gallery has-nested-images columns-default is-cropped wp-block-gallery-2 is-layout-flex wp-block-gallery-is-layout-flex\">\n<figure class=\"wp-block-image size-large\"><img loading=\"lazy\" decoding=\"async\" width=\"1024\" height=\"572\" data-id=\"2042\" src=\"http:\/\/sanglas-ig.de\/wp-content\/uploads\/2022\/07\/57_01-1-1024x572.jpg\" alt=\"\" class=\"wp-image-2042\" srcset=\"https:\/\/sanglas-ig.de\/wp-content\/uploads\/2022\/07\/57_01-1-1024x572.jpg 1024w, https:\/\/sanglas-ig.de\/wp-content\/uploads\/2022\/07\/57_01-1-300x168.jpg 300w, https:\/\/sanglas-ig.de\/wp-content\/uploads\/2022\/07\/57_01-1-768x429.jpg 768w, https:\/\/sanglas-ig.de\/wp-content\/uploads\/2022\/07\/57_01-1.jpg 1056w\" sizes=\"auto, (max-width: 1024px) 100vw, 1024px\" \/><\/figure>\n<\/figure>\n\n\n\n<p>Es handelt sich um eine fahrbereite  Sanglas 500S2V5 mit 1 Jahr T\u00dcV. Ist f\u00fcr Beiwagen vorbereitet, Anschl\u00fcsse usw. sind vorhanden, aber noch nicht eingetragen. Der Motor ist komplett mit original Sanglas Teilen \u00fcberholt. Das Motorrad hat Heizgriffe und Sitzbankheizung (Eigenbau) sowie Gep\u00e4cktr\u00e4ger mit Koffern.<\/p>\n\n\n\n<figure class=\"wp-block-gallery has-nested-images columns-default is-cropped wp-block-gallery-3 is-layout-flex wp-block-gallery-is-layout-flex\">\n<figure class=\"wp-block-image size-large\"><img loading=\"lazy\" decoding=\"async\" width=\"1024\" height=\"768\" data-id=\"2043\" src=\"http:\/\/sanglas-ig.de\/wp-content\/uploads\/2022\/07\/57-1-1024x768.jpg\" alt=\"\" class=\"wp-image-2043\" srcset=\"https:\/\/sanglas-ig.de\/wp-content\/uploads\/2022\/07\/57-1-1024x768.jpg 1024w, https:\/\/sanglas-ig.de\/wp-content\/uploads\/2022\/07\/57-1-300x225.jpg 300w, https:\/\/sanglas-ig.de\/wp-content\/uploads\/2022\/07\/57-1-768x576.jpg 768w, https:\/\/sanglas-ig.de\/wp-content\/uploads\/2022\/07\/57-1.jpg 1280w\" sizes=\"auto, (max-width: 1024px) 100vw, 1024px\" \/><\/figure>\n\n\n\n<figure class=\"wp-block-image size-large\"><img loading=\"lazy\" decoding=\"async\" width=\"1024\" height=\"768\" data-id=\"2044\" src=\"http:\/\/sanglas-ig.de\/wp-content\/uploads\/2022\/07\/57-2-1024x768.jpg\" alt=\"\" class=\"wp-image-2044\" srcset=\"https:\/\/sanglas-ig.de\/wp-content\/uploads\/2022\/07\/57-2-1024x768.jpg 1024w, https:\/\/sanglas-ig.de\/wp-content\/uploads\/2022\/07\/57-2-300x225.jpg 300w, https:\/\/sanglas-ig.de\/wp-content\/uploads\/2022\/07\/57-2-768x576.jpg 768w, https:\/\/sanglas-ig.de\/wp-content\/uploads\/2022\/07\/57-2.jpg 1280w\" sizes=\"auto, (max-width: 1024px) 100vw, 1024px\" \/><\/figure>\n<\/figure>\n\n\n\n<p>Dazu gibt es noch zwei Sanglas 500S2V5 als Baus\u00e4tze, die fast komplett sind. F\u00fcr die beiden anderen sind Papiere vorhanden. F\u00fcr Details bitte fragen.<\/p>\n\n\n\n<p>Er verkauft es am liebsten als Gesamtpaket, dann f\u00fcr alles 4000 Euro. F\u00fcr Anfragen Peter Assmann: 0176\/64280942<\/p>\n\n\n\n<p>&#8212;&#8212;&#8212;&#8212;&#8212;&#8212;&#8212;&#8212;&#8212;&#8212;&#8212;&#8212;&#8212;&#8212;&#8212;&#8212;&#8212;&#8212;&#8212;&#8212;&#8212;&#8212;&#8212;&#8212;&#8212;&#8212;&#8212;&#8212;&#8212;&#8212;&#8212;&#8212;&#8212;&#8212;&#8212;&#8212;&#8212;&#8212;&#8211;<\/p>\n\n\n\n<p><\/p>\n\n\n\n<p style=\"font-size:23px\"><strong>Zwei Sanglas 500S und Steib L 500 S Seitenwagen<\/strong> <strong>aus Bielefeld abzugeben<\/strong>                                                                                    09. Januar 2022<\/p>\n\n\n\n<div class=\"wp-block-columns is-layout-flex wp-container-core-columns-is-layout-9d6595d7 wp-block-columns-is-layout-flex\">\n<div class=\"wp-block-column is-layout-flow wp-block-column-is-layout-flow\" style=\"flex-basis:100%\">\n<figure class=\"wp-block-gallery has-nested-images columns-default is-cropped wp-block-gallery-4 is-layout-flex wp-block-gallery-is-layout-flex\">\n<figure class=\"wp-block-image size-large\"><img loading=\"lazy\" decoding=\"async\" width=\"1024\" height=\"914\" data-id=\"2003\" src=\"http:\/\/sanglas-ig.de\/wp-content\/uploads\/2022\/01\/Sanglas-500S_Goecke_07-09-18red_02-1024x914.jpg\" alt=\"\" class=\"wp-image-2003\" srcset=\"https:\/\/sanglas-ig.de\/wp-content\/uploads\/2022\/01\/Sanglas-500S_Goecke_07-09-18red_02-1024x914.jpg 1024w, https:\/\/sanglas-ig.de\/wp-content\/uploads\/2022\/01\/Sanglas-500S_Goecke_07-09-18red_02-300x268.jpg 300w, https:\/\/sanglas-ig.de\/wp-content\/uploads\/2022\/01\/Sanglas-500S_Goecke_07-09-18red_02-768x686.jpg 768w, https:\/\/sanglas-ig.de\/wp-content\/uploads\/2022\/01\/Sanglas-500S_Goecke_07-09-18red_02-1536x1372.jpg 1536w, https:\/\/sanglas-ig.de\/wp-content\/uploads\/2022\/01\/Sanglas-500S_Goecke_07-09-18red_02.jpg 2009w\" sizes=\"auto, (max-width: 1024px) 100vw, 1024px\" \/><\/figure>\n\n\n\n<figure class=\"wp-block-image size-large\"><img loading=\"lazy\" decoding=\"async\" width=\"629\" height=\"388\" data-id=\"2004\" src=\"http:\/\/sanglas-ig.de\/wp-content\/uploads\/2022\/01\/Grassdorf_HorstLenz_05-2-1.jpg\" alt=\"\" class=\"wp-image-2004\" srcset=\"https:\/\/sanglas-ig.de\/wp-content\/uploads\/2022\/01\/Grassdorf_HorstLenz_05-2-1.jpg 629w, https:\/\/sanglas-ig.de\/wp-content\/uploads\/2022\/01\/Grassdorf_HorstLenz_05-2-1-300x185.jpg 300w\" sizes=\"auto, (max-width: 629px) 100vw, 629px\" \/><\/figure>\n<\/figure>\n<\/div>\n<\/div>\n\n\n\n<p>Zwei komplette 500S Maschinen zu verkaufen, die allerdings einer Generalrevision unterzogen werden m\u00fcssen, incl. eines Steib L 500 S Seitenwagens (Das ist der Gro\u00dfe \u201eZeppelin\u201c mit Heckkofferraumklappe).<\/p>\n\n\n\n<p>Das Ganze geht allerdings nur als Komplettpaket weg, da es einiges Interessantes dabei gibt.<\/p>\n\n\n\n<p>Im Anhang Bilder von meiner schwarzen Sch\u00f6nheit als sie noch im Einsatz war. Die kleine Scheibe an der Maschine werde ich allerdings wohl als Erinnerung behalten.<\/p>\n\n\n\n<p>Wenn jemanden Interesse hat, kann er sich mal melden (LotharGoecke@web.de).<\/p>\n\n\n\n<p>Sch\u00f6ne Gr\u00fc\u00dfe aus Bielefeld<\/p>\n\n\n\n<p>&#8212;&#8212;&#8212;&#8212;&#8212;&#8212;&#8212;&#8212;&#8212;&#8212;&#8212;&#8212;&#8212;&#8212;&#8212;&#8212;&#8212;&#8212;&#8212;&#8212;&#8212;&#8212;&#8212;&#8212;&#8212;&#8212;&#8212;&#8212;&#8212;-<\/p>\n\n\n\n<p style=\"font-size:23px\"><\/p>\n\n\n\n<p class=\"has-vivid-red-color has-text-color\"><\/p>\n\n\n\n<div class=\"wp-block-group\"><div class=\"wp-block-group__inner-container is-layout-flow wp-block-group-is-layout-flow\">\n<div class=\"wp-block-columns is-layout-flex wp-container-core-columns-is-layout-9d6595d7 wp-block-columns-is-layout-flex\">\n<div class=\"wp-block-column is-layout-flow wp-block-column-is-layout-flow\" style=\"flex-basis:100%\">\n<div class=\"wp-block-columns is-layout-flex wp-container-core-columns-is-layout-9d6595d7 wp-block-columns-is-layout-flex\">\n<div class=\"wp-block-column is-layout-flow wp-block-column-is-layout-flow\" style=\"flex-basis:100%\">\n<div class=\"wp-block-columns is-layout-flex wp-container-core-columns-is-layout-9d6595d7 wp-block-columns-is-layout-flex\">\n<div class=\"wp-block-column is-layout-flow wp-block-column-is-layout-flow\" style=\"flex-basis:100%\">\n<div class=\"wp-block-group\"><div class=\"wp-block-group__inner-container is-layout-flow wp-block-group-is-layout-flow\">\n<figure class=\"wp-block-gallery has-nested-images columns-default is-cropped wp-block-gallery-5 is-layout-flex wp-block-gallery-is-layout-flex\"><\/figure>\n<\/div><\/div>\n<\/div>\n<\/div>\n<\/div>\n<\/div>\n\n\n\n<div class=\"wp-block-columns is-layout-flex wp-container-core-columns-is-layout-9d6595d7 wp-block-columns-is-layout-flex\">\n<div class=\"wp-block-column is-layout-flow wp-block-column-is-layout-flow\" style=\"flex-basis:100%\">\n<figure class=\"wp-block-gallery has-nested-images columns-default is-cropped wp-block-gallery-6 is-layout-flex wp-block-gallery-is-layout-flex\"><\/figure>\n\n\n\n<div class=\"wp-block-group\"><div class=\"wp-block-group__inner-container is-layout-flow wp-block-group-is-layout-flow\">\n<figure class=\"wp-block-gallery has-nested-images columns-default is-cropped wp-block-gallery-7 is-layout-flex wp-block-gallery-is-layout-flex\"><\/figure>\n<\/div><\/div>\n<\/div>\n<\/div>\n<\/div>\n<\/div>\n<\/div><\/div>\n\n\n\n<p><\/p>\n\n\n\n<p class=\"has-vivid-red-color has-text-color has-large-font-size\"><\/p>\n\n\n\n<div class=\"wp-block-columns is-layout-flex wp-container-core-columns-is-layout-9d6595d7 wp-block-columns-is-layout-flex\">\n<div class=\"wp-block-column is-layout-flow wp-block-column-is-layout-flow\">\n<div class=\"wp-block-columns is-layout-flex wp-container-core-columns-is-layout-9d6595d7 wp-block-columns-is-layout-flex\">\n<div class=\"wp-block-column is-layout-flow wp-block-column-is-layout-flow\"><\/div>\n<\/div>\n<\/div>\n<\/div>\n\n\n\n<p><\/p>\n\n\n<h3 style=\"text-align: center;\">&nbsp;<\/h3>\n<p><span style=\"font-size: 1.17em;\">&nbsp;<\/span><span style=\"font-size: 1.17em; font-weight: normal;\">&nbsp;<\/span><\/p>\n<h3>&nbsp;<\/h3>\n<h3>&nbsp;<\/h3>\n<h3>&#8212;&#8212;&#8212;&#8212;&#8212;&#8212;&#8212;&#8212;&#8212;&#8212;&#8212;&#8212;&#8212;&#8212;&#8212;&#8212;&#8212;&#8212;&#8212;&#8212;&#8212;&#8212;&#8212;&#8212;&#8211;<\/h3>\n<p>&nbsp;<\/p>\n<p><img decoding=\"async\" class=\"ngg-singlepic ngg-center\" src=\"http:\/\/sanglas-ig.de\/wp-content\/gallery\/sonstige\/bierglas-70.jpg\" alt=\"bierglas-70\"><a href=\"http:\/\/sanglas-ig.de\/?attachment_id=53\" rel=\"attachment wp-att-53\" data-wplink-edit=\"true\"><img decoding=\"async\" class=\"aligncenter size-full wp-image-53\" title=\"Markus\" src=\"http:\/\/sanglas-ig.de\/wp-content\/uploads\/2011\/08\/Markus.bmp\" alt=\"\"><\/a><\/p>\n<p>&nbsp;<\/p>\n\n\n<p><\/p>\n","protected":false},"excerpt":{"rendered":"<p>Fahrbereite Sanglas 500S2V5&nbsp; mit Squire ST2 Seitenwagen zu verkaufen. 24. Februar 2026&nbsp;&nbsp;&nbsp;&nbsp;&nbsp;&nbsp;&nbsp;&nbsp; Das Fahrzeug steht in L\u00fcneburg, der T\u00dcV ist 09\/24 abgelaufen, dasFahrzeug ist seit 09\/ 22 nicht bewegt worden. Der Preis ist VB 3700,&#8211;. Sven MertensReincke Naturfarben GmbHIndustriestra\u00dfe 3D-21640 Horneburg Mobil +49(0)160-5530995Fon +49(0)4163-867470Fax +49(0)4163-8674729Mail sven.mertens@reincke-naturfarben.de &#8212;&#8212;&#8212;&#8212;&#8212;&#8212;&#8212;&#8212;&#8212;&#8212;&#8212;&#8212;&#8212;&#8212;&#8212;&#8212;&#8212;&#8212;&#8212;&#8212;&#8212;&#8212;&#8212;&#8212;&#8212;&#8212;&#8212;&#8212;&#8212;&#8212;&#8212;&#8212;&#8212;&#8212;&#8212;&#8212;&#8212;&#8212;- Sanglas Ersatzteile abzugeben 06.03.2024 M.F. aus Heidenheim m\u00f6chte [&hellip;]<\/p>\n","protected":false},"author":1,"featured_media":0,"parent":0,"menu_order":12,"comment_status":"open","ping_status":"open","template":"","meta":{"ngg_post_thumbnail":0,"footnotes":""},"class_list":["post-41","page","type-page","status-publish","hentry"],"_links":{"self":[{"href":"https:\/\/sanglas-ig.de\/index.php?rest_route=\/wp\/v2\/pages\/41","targetHints":{"allow":["GET"]}}],"collection":[{"href":"https:\/\/sanglas-ig.de\/index.php?rest_route=\/wp\/v2\/pages"}],"about":[{"href":"https:\/\/sanglas-ig.de\/index.php?rest_route=\/wp\/v2\/types\/page"}],"author":[{"embeddable":true,"href":"https:\/\/sanglas-ig.de\/index.php?rest_route=\/wp\/v2\/users\/1"}],"replies":[{"embeddable":true,"href":"https:\/\/sanglas-ig.de\/index.php?rest_route=%2Fwp%2Fv2%2Fcomments&post=41"}],"version-history":[{"count":275,"href":"https:\/\/sanglas-ig.de\/index.php?rest_route=\/wp\/v2\/pages\/41\/revisions"}],"predecessor-version":[{"id":3341,"href":"https:\/\/sanglas-ig.de\/index.php?rest_route=\/wp\/v2\/pages\/41\/revisions\/3341"}],"wp:attachment":[{"href":"https:\/\/sanglas-ig.de\/index.php?rest_route=%2Fwp%2Fv2%2Fmedia&parent=41"}],"curies":[{"name":"wp","href":"https:\/\/api.w.org\/{rel}","templated":true}]}}